 common divisor of c and k?
41
Suppose b = -5*n - 52, 2*b + 44 = -5*n + 5*b. Let h = n - -20. What is the highest common factor of 10 and h?
10
Let f(a) = a**2 + a - 4. Let c be f(4). Suppose -4*u - b + 3*b + 66 = 0, -2*u = 4*b - 28. Let v = 32 - u. What is the greatest common factor of v and c?
16
Let s be 6/27 + 25/9. Suppose s*g + i = 61, 0 = i + 3 + 2. What is the highest common divisor of 2 and g?
2
Let v(w) = 9*w**2 - 2. Let z be v(1). Suppose 101 = 5*g + 31. Calculate the greatest common factor of z and g.
7
Suppose 0 = 4*i - 2*m - 142, -4*m + 26 + 145 = 5*i. Suppose -5*o - 2*b = -14 - 9, 0 = -4*o + b + 21. What is the greatest common factor of i and o?
5
Suppose -n = 79 - 279. What is the highest common divisor of 8 and n?
8
Suppose -4*y - 797 - 836 = -5*a, -3*a = 5*y - 965. What is the greatest common divisor of 25 and a?
25
Let p be (-3)/(12/8 - 3) - -58. What is the greatest common factor of 6 and p?
6
Let v(q) = 28*q**2 + 7*q + 4. Let r be v(-2). Calculate the highest common divisor of 6 and r.
6
Let b = 491 - 381. What is the highest common divisor of 10 and b?
10
Let y(r) = -r**3 - 12*r**2 - 4*r - 25. Let i = -50 - -38. Let s be y(i). What is the greatest common divisor of 23 and s?
23
Let o(a) = -a**2 - 14*a + 24. Let h(y) = -4*y**2 - 57*y + 96. Let p(t) = -2*h(t) + 9*o(t). Let m be p(-10). Calculate the highest common factor of m and 11.
11
Suppose 2*m = 5*f + 73, m - f - 155 = -3*m. Calculate the highest common factor of 156 and m.
39
Let w(y) = 4*y**2 - 7*y + 5. Let x be w(4). Let f = -17 + x. Suppose 0 = -4*p + 2*l + 70, -4*p = 2*l - l - 61. Calculate the greatest common divisor of p and f.
8
Let z be (45/(-27))/((10/(-24))/5). Suppose l - 3*t = 54, -5*l + 5*t + 455 = 165. Calculate the greatest common divisor of z and l.
20
Let h be -14*-3*6/9. Calculate the greatest common factor of 700 and h.
28
Let z(i) be the first derivative of -i**4/4 - 5*i**3 - 15*i**2/2 - 10*i + 3. Let u be z(-14). Let w be 2*1/u*50. What is the highest common factor of 50 and w?
25
Let u = 883 + -272. Suppose -3*j - 585 = -3*d, 0 = 4*d - 5*j - 168 - u. Calculate the greatest common divisor of d and 28.
28
Let u = -173 - -488. What is the greatest common factor of 18 and u?
9
Let y(j) = -4*j + 1. Let x be y(-6). Let c(w) = w + 4. Let t be c(-1). Suppose t*b = 8*b - 125. What is the greatest common divisor of x and b?
25
Let f(c) = c**2 + 4*c - 6. Let j be f(6). Let u be 2/(j/(-14) + 5 + -1). What is the greatest common factor of u and 1?
1
Let l(v) = 6*v + 1. Let x(j) = 3*j + 1. Let p(g) = 3*l(g) - 5*x(g). Let z = 11 - 5. Let h be p(z). What is the greatest common factor of h and 32?
16
Let z be 146 + -2 + -2 + 10 + -9. What is the highest common factor of z and 11?
11
Let a = -1028 + 1332. Calculate the greatest common divisor of a and 16.
16
Let u(a) = -3*a**3 + 3*a**2 + 5*a - 3. Let z be u(-3). Let n be (-2 + (-6)/(-4))/((-9)/z). What is the greatest common factor of n and 15?
5
Let w(b) = b**3 - 5*b**2 - 2*b - 8. Let c be w(6). Let s(j) = 2*j - 22. Let g be s(c). What is the highest common divisor of g and 25?
5
Suppose 4 = -7*o - 24. Let i = 33 + o. Calculate the greatest common factor of i and 29.
29
Let n be -2 + 5 + 1*-13. Let f be (4 - 5)/5 - 42/n. What is the highest common factor of 4 and f?
4
Let a(s) be the third derivative of s**6/120 - 7*s**4/12 + 17*s**3/6 - 12*s**2. Let h be a(5). What is the highest common divisor of h and 8?
8
Suppose -3*q = -4*j + 10, 4*q + 3 = j + 7. Let w be j/2 - (-1 - 11). What is the greatest common divisor of w and 42?
14
Let q be 32 - (-5 - (-6)/3). Suppose -q*c + 30*c + 460 = 0. Calculate the highest common divisor of c and 23.
23
Let w(h) be the first derivative of 21*h**3 - h**2/2 + 2*h - 2. Let z be w(2). What is the greatest common divisor of z and 28?
28
Let c(o) = 8*o**3 + 0*o**2 - 19*o**3 + 2*o**2 - 17*o**3 + 2 + 4*o. Let w be c(-1). Calculate the greatest common divisor of w and 140.
28
Let x(u) = 7*u**2 + 2*u - 4. Let p be x(3). What is the greatest common factor of 26 and p?
13
Let r(b) = -b + 4. Let j be r(-3). Suppose 5*n = 4*n + 112. Suppose 36*x = 38*x - n. Calculate the highest common divisor of x and j.
7
Suppose 0 = 80*n - 34*n - 3404. What is the highest common divisor of n and 259?
37
Let m be 8/10 + (-9384)/(-20). What is the highest common divisor of m and 188?
94
Let z = 188 + -110. Let y = z + -74. Calculate the highest common factor of 36 and y.
4
Suppose 3*n - 60 = -7*n. Calculate the highest common divisor of n and 162.
6
Let r = -1 - -3. Suppose 0 = b - r*k - 412, -3*b + 2*b + 5*k + 400 = 0. Suppose 0 = -2*c - c + b. Calculate the highest common factor of 20 and c.
20
Suppose 0 = 5*c + 13*c - 36. What is the highest common factor of c and 74?
2
Suppose 0*a - 130 = -2*a. Suppose -10*l + 8*l + 4*g + 72 = 0, -2*g = -4*l + 156. Let s = a - l. What is the highest common divisor of s and 25?
25
Let t(u) = -203*u - 1. Let l be t(-3). Let p be 2/(-5) - l/(-20). Suppose 5*r + j = p, 0*r + 5*j = 5*r. What is the highest common divisor of r and 5?
5
Let g be (-1278)/(-26) - (800/130 + -6). What is the highest common factor of 14 and g?
7
Suppose 342 = 3*i + 6*i. What is the highest common divisor of i and 608?
38
Let q(v) = -v**3 + v**2 + 12*v + 2. Let w be q(4). Calculate the greatest common factor of w and 58.
2
Let f(t) = -t**2 + 64*t - 91. Let y be f(26). Calculate the greatest common divisor of 39 and y.
39
Suppose 0 = 3*b + 5*y - 42, y - 5 = -2. Calculate the highest common divisor of 9 and b.
9
Let r(n) = -7*n + 63. Let o be r(21). Let q be 10/(-25) + (-1)/(10/o). What is the highest common divisor of q and 48?
8
Suppose 1 = 4*l + 13. Let t be (-2)/(-3) + (-25)/l. Suppose -a = -3*c + 15, -6*c = -4*c - 4*a. What is the highest common factor of t and c?
3
Suppose 16*t - 50 = 11*t - 2*p, -3*t - p + 29 = 0. Calculate the greatest common factor of t and 128.
8
Suppose 0 = -9*j - 0*j + 144. Let r = -7 + j. What is the highest common factor of r and 108?
9
Suppose -11*z - 4752 = -38*z. Calculate the highest common divisor of z and 32.
16
Suppose -s + 4*j + 16 = 0, 2*s - 3*j = 3*s + 5. Calculate the highest common factor of 156 and s.
4
Let p = -232 - -250. Calculate the highest common factor of 279 and p.
9
Let z(t) = -2*t + 1. Let g(l) = -l + 6. Let i be g(7). Let b be z(i). Suppose -360 = -b*v - v. What is the greatest common divisor of v and 10?
10
Let n(k) be the third derivative of -k**6/120 - k**5/20 - k**4/8 + k**3/6 - 5*k**2. Let y be n(-3). Calculate the highest common factor of 4 and y.
2
Suppose -3*x + 51 = 3*o, -9 = -15*x + 18*x. What is the greatest common factor of 12 and o?
4
Let p be ((-102)/(-85))/(1 - 1687/1690). What is the highest common factor of p and 156?
52
Let x(w) = w**3 + 2*w**2 + w - 2. Let v be ((-2)/(-3))/(4/(-12)). Let h be x(v). Let u = 122 - h. Calculate the highest common factor of u and 14.
14
Let h = -1089 - -1097. What is the highest common factor of 70 and h?
2
Let u be ((-100)/12 + 8)/((-2)/198). Suppose -11*f = -33 - u. Calculate the highest common factor of f and 60.
6
Let a be 2/3*(-4 - (-33)/6). Suppose -o + 6*o - 30 = 3*d, 4*o - 24 = -5*d. Calculate the greatest common divisor of a and o.
1
Suppose 0 = 3*d + f - 356, 0 = -2*d - 2*f + 4*f + 248. Let z = 61 + -53. What is the highest common divisor of z and d?
8
Let l(v) be the second derivative of v**3/6 + 9*v**2/2 - v. Let c be l(-8). What is the highest common factor of c and 1?
1
Let u be 30*(-24)/300*295/(-2). Calculate the highest common divisor of u and 12.
6
Suppose 3*o - 80 = -2*o. What is the greatest common factor of 16 and o?
16
Suppose -4*j = -3*t - 6, 6*t - 3*t + 6 = 2*j. Suppose -241 = -s + 2*m, -5*s - 2*m = -j*s - 1145. Calculate the greatest common divisor of 21 and s.
21
Let o = 2 + -2. Let d(q) = 60 - 113*q + 221*q - 109*q + q**2. Let m be d(o). What is the greatest common factor of m and 15?
15
Let v be ((-6)/4)/((-15)/1100). What is the highest common factor of v and 3520?
110
Suppose -4*x = 3*j - 34, -3*x + 0*j + 27 = 3*j. Let b be 2*2187/126 + 2/x. Calculate the greatest common factor of b and 21.
7
Let f be (-4 - -3 - -1)/1. Suppose -n + 4*n + 120 = f. Let y be ((-60)/n)/(1/14). Calculate the greatest common divisor of y and 168.
21
Let z = 45 - 25. Let g = 20 - z. Supp